{"id":162,"date":"2020-11-16T13:05:00","date_gmt":"2020-11-16T12:05:00","guid":{"rendered":"http:\/\/taunus-marathon.de\/?page_id=162"},"modified":"2020-11-22T17:34:08","modified_gmt":"2020-11-22T16:34:08","slug":"die-top-10-der-insel","status":"publish","type":"page","link":"https:\/\/taunus-marathon.de\/?page_id=162","title":{"rendered":"Die Top 10 der Insel"},"content":{"rendered":"\n<p>Die Nummerierung stellt keine Priorit\u00e4t dar und jeder beurteilt seine Tops selbst; dies hier meine ganz pers\u00f6nlichen Highlights.<\/p>\n\n\n\n<h2><em>J\u00f6kuls\u00e1rl\u00f3n<\/em> &#8211; der gro\u00dfe Gletschersee<\/h2>\n\n\n\n<figure class=\"wp-block-image size-large\"><img loading=\"lazy\" width=\"1024\" height=\"576\" src=\"http:\/\/taunus-marathon.de\/wp-content\/uploads\/2020\/07\/20180721_150502-1024x576.jpg\" alt=\"J\u00f6kuls\u00e1rl\u00f3n Gletscher See am Vatnaj\u00f6kull\" class=\"wp-image-35\" srcset=\"https:\/\/taunus-marathon.de\/wp-content\/uploads\/2020\/07\/20180721_150502-1024x576.jpg 1024w, https:\/\/taunus-marathon.de\/wp-content\/uploads\/2020\/07\/20180721_150502-300x169.jpg 300w, https:\/\/taunus-marathon.de\/wp-content\/uploads\/2020\/07\/20180721_150502-768x432.jpg 768w\" sizes=\"(max-width: 767px) 89vw, (max-width: 1000px) 54vw, (max-width: 1071px) 543px, 580px\" \/><figcaption>J\u00f6kuls\u00e1rl\u00f3n Gletscher See am Vatnaj\u00f6kull<\/figcaption><\/figure>\n\n\n\n<p>es folgen weitere Eintr\u00e4ge und Details\u2026 wem dies zu lange dauert: einfach in den Kommentar eure Frage einstellen!<\/p>\n","protected":false},"excerpt":{"rendered":"<p>Die Nummerierung stellt keine Priorit\u00e4t dar und jeder beurteilt seine Tops selbst; dies hier meine ganz pers\u00f6nlichen Highlights. J\u00f6kuls\u00e1rl\u00f3n &#8211; der gro\u00dfe Gletschersee es folgen weitere Eintr\u00e4ge und Details\u2026 wem &hellip; <\/p>\n<p class=\"link-more\"><a href=\"https:\/\/taunus-marathon.de\/?page_id=162\" class=\"more-link\"><span class=\"screen-reader-text\">\u201eDie Top 10 der Insel\u201c<\/span> weiterlesen<\/a><\/p>\n","protected":false},"author":1,"featured_media":0,"parent":49,"menu_order":6,"comment_status":"open","ping_status":"closed","template":"","meta":{"spay_email":""},"_links":{"self":[{"href":"https:\/\/taunus-marathon.de\/index.php?rest_route=\/wp\/v2\/pages\/162"}],"collection":[{"href":"https:\/\/taunus-marathon.de\/index.php?rest_route=\/wp\/v2\/pages"}],"about":[{"href":"https:\/\/taunus-marathon.de\/index.php?rest_route=\/wp\/v2\/types\/page"}],"author":[{"embeddable":true,"href":"https:\/\/taunus-marathon.de\/index.php?rest_route=\/wp\/v2\/users\/1"}],"replies":[{"embeddable":true,"href":"https:\/\/taunus-marathon.de\/index.php?rest_route=%2Fwp%2Fv2%2Fcomments&post=162"}],"version-history":[{"count":2,"href":"https:\/\/taunus-marathon.de\/index.php?rest_route=\/wp\/v2\/pages\/162\/revisions"}],"predecessor-version":[{"id":170,"href":"https:\/\/taunus-marathon.de\/index.php?rest_route=\/wp\/v2\/pages\/162\/revisions\/170"}],"up":[{"embeddable":true,"href":"https:\/\/taunus-marathon.de\/index.php?rest_route=\/wp\/v2\/pages\/49"}],"wp:attachment":[{"href":"https:\/\/taunus-marathon.de\/index.php?rest_route=%2Fwp%2Fv2%2Fmedia&parent=162"}],"curies":[{"name":"wp","href":"https:\/\/api.w.org\/{rel}","templated":true}]}}