{"id":49,"date":"2020-07-08T22:09:17","date_gmt":"2020-07-08T22:09:17","guid":{"rendered":"http:\/\/taunus-marathon.de\/?page_id=49"},"modified":"2020-07-08T22:52:26","modified_gmt":"2020-07-08T22:52:26","slug":"island-insel-aus-feuer-und-eis","status":"publish","type":"page","link":"https:\/\/taunus-marathon.de\/?page_id=49","title":{"rendered":"Island &#8211; Insel aus Feuer und Eis"},"content":{"rendered":"\n<p class=\"has-drop-cap\">Diese fantastischen Gegens\u00e4tze &#8211; Feuer und Eis, Zerst\u00f6rung und Leben, Wasser und Land &#8211; machen dieses Land so faszinierend. Hinzu kommt die Weite und Leere, die herausfordernden Elemente: Wasser, Wind, K\u00e4lte. Und gerade Wasser lernt man in seinen unterschiedlichen Aggregatzust\u00e4nden kennen &#8211; teilweise gleichzeitig.<\/p>\n\n\n\n<figure class=\"wp-block-image size-large is-resized\"><img loading=\"lazy\" src=\"http:\/\/taunus-marathon.de\/wp-content\/uploads\/2020\/07\/20180721_150502-1024x576.jpg\" alt=\"J\u00f6kuls\u00e1rl\u00f3n Gletscher See am Vatnaj\u00f6kull\" class=\"wp-image-35\" width=\"687\" height=\"386\" srcset=\"https:\/\/taunus-marathon.de\/wp-content\/uploads\/2020\/07\/20180721_150502-1024x576.jpg 1024w, https:\/\/taunus-marathon.de\/wp-content\/uploads\/2020\/07\/20180721_150502-300x169.jpg 300w, https:\/\/taunus-marathon.de\/wp-content\/uploads\/2020\/07\/20180721_150502-768x432.jpg 768w\" sizes=\"(max-width: 687px) 100vw, 687px\" \/><figcaption>J\u00f6kuls\u00e1rl\u00f3n Gletscher See am Vatnaj\u00f6kull<\/figcaption><\/figure>\n\n\n\n<p>Kaum ein anderes Land hat mich derart in seinen Bann gezogen, wie die Vulkaninsel Island. 1991 und 1995 besuchte ich die Insel mit meinem geliebten Suzuki-Jeep SJ 410 &#8211; mit gerade 45 PS ging es buchst\u00e4blich \u00fcber Stock und Stein &#8211; obwohl, nein, streiche &#8222;Stock&#8220;, den gibt es nicht wirklich h\u00e4ufig auf der Insel. <\/p>\n\n\n\n<figure class=\"wp-block-image size-large\"><img loading=\"lazy\" width=\"1024\" height=\"691\" src=\"http:\/\/taunus-marathon.de\/wp-content\/uploads\/2020\/07\/JEEP-1024x691.jpg\" alt=\"\" class=\"wp-image-53\" srcset=\"https:\/\/taunus-marathon.de\/wp-content\/uploads\/2020\/07\/JEEP-1024x691.jpg 1024w, https:\/\/taunus-marathon.de\/wp-content\/uploads\/2020\/07\/JEEP-300x202.jpg 300w, https:\/\/taunus-marathon.de\/wp-content\/uploads\/2020\/07\/JEEP-768x518.jpg 768w, https:\/\/taunus-marathon.de\/wp-content\/uploads\/2020\/07\/JEEP-1536x1037.jpg 1536w, https:\/\/taunus-marathon.de\/wp-content\/uploads\/2020\/07\/JEEP.jpg 1636w\" sizes=\"(max-width: 767px) 89vw, (max-width: 1000px) 54vw, (max-width: 1071px) 543px, 580px\" \/><figcaption>Mit drm SJ 410 war ich zweimal auf der Insel<\/figcaption><\/figure>\n\n\n\n<p>Und dann ging es 2018 &#8211; in einem Hitze-Jahr &#8211; wieder nach Island. Diesmal nicht zu zweit, sondern mit unseren S\u00f6hnen &#8211; und nicht mehr im Gel\u00e4ndewagen, sondern in unserem Zebra-Bully. Auch haben wir die Anreise ge\u00e4ndert. Zwei per F\u00e4hre und 2 per Flugzeug.<\/p>\n\n\n\n<p>Achja, vom Hitze-Sommer konnte auf Island keine Rede sein &#8230;<\/p>\n\n\n\n<a href=\"http:\/\/taunus-marathon.de\/?page_id=52\">n\u00e4chste Seite<\/a>\n\n\n\n<p class=\"has-drop-cap\"><\/p>\n","protected":false},"excerpt":{"rendered":"<p>Diese fantastischen Gegens\u00e4tze &#8211; Feuer und Eis, Zerst\u00f6rung und Leben, Wasser und Land &#8211; machen dieses Land so faszinierend. Hinzu kommt die Weite und Leere, die herausfordernden Elemente: Wasser, Wind, &hellip; <\/p>\n<p class=\"link-more\"><a href=\"https:\/\/taunus-marathon.de\/?page_id=49\" class=\"more-link\"><span class=\"screen-reader-text\">\u201eIsland &#8211; Insel aus Feuer und Eis\u201c<\/span> weiterlesen<\/a><\/p>\n","protected":false},"author":1,"featured_media":0,"parent":0,"menu_order":0,"comment_status":"closed","ping_status":"closed","template":"","meta":{"spay_email":""},"_links":{"self":[{"href":"https:\/\/taunus-marathon.de\/index.php?rest_route=\/wp\/v2\/pages\/49"}],"collection":[{"href":"https:\/\/taunus-marathon.de\/index.php?rest_route=\/wp\/v2\/pages"}],"about":[{"href":"https:\/\/taunus-marathon.de\/index.php?rest_route=\/wp\/v2\/types\/page"}],"author":[{"embeddable":true,"href":"https:\/\/taunus-marathon.de\/index.php?rest_route=\/wp\/v2\/users\/1"}],"replies":[{"embeddable":true,"href":"https:\/\/taunus-marathon.de\/index.php?rest_route=%2Fwp%2Fv2%2Fcomments&post=49"}],"version-history":[{"count":9,"href":"https:\/\/taunus-marathon.de\/index.php?rest_route=\/wp\/v2\/pages\/49\/revisions"}],"predecessor-version":[{"id":84,"href":"https:\/\/taunus-marathon.de\/index.php?rest_route=\/wp\/v2\/pages\/49\/revisions\/84"}],"wp:attachment":[{"href":"https:\/\/taunus-marathon.de\/index.php?rest_route=%2Fwp%2Fv2%2Fmedia&parent=49"}],"curies":[{"name":"wp","href":"https:\/\/api.w.org\/{rel}","templated":true}]}}