{"id":52,"date":"2020-07-05T07:28:36","date_gmt":"2020-07-05T07:28:36","guid":{"rendered":"http:\/\/taunus-marathon.de\/?page_id=52"},"modified":"2020-07-08T22:39:14","modified_gmt":"2020-07-08T22:39:14","slug":"die-anreise","status":"publish","type":"page","link":"https:\/\/taunus-marathon.de\/?page_id=52","title":{"rendered":"Die Anreise"},"content":{"rendered":"\n<p class=\"has-drop-cap\">Eine Reise in einem VW-Transporter mit vier erwachsenen Personen ist durchaus eine Herausforderung.  Wir haben uns <strong>vier <\/strong>Wochen Zeit genommen. Davon geht <strong>eine <\/strong>Woche f\u00fcr die An- und Abreise ab &#8211; bleiben drei Wochen auf Island. Die F\u00e4hre ben\u00f6tigt ca. 2,5 Tage f\u00fcr eine Richtung, wenn man den kurzen (ca. 1-2 Stunden) Aufenthalt auf den F\u00e4r\u00f6er bucht.<\/p>\n\n\n\n<figure class=\"wp-block-image size-large\"><img loading=\"lazy\" width=\"1024\" height=\"389\" src=\"http:\/\/taunus-marathon.de\/wp-content\/uploads\/2020\/07\/20180718_170621-scaled-e1593933822828-1024x389.jpg\" alt=\"F\u00e4r\u00f6er - F\u00e4hrhafen in T\u00f3rshavn\" class=\"wp-image-54\" srcset=\"https:\/\/taunus-marathon.de\/wp-content\/uploads\/2020\/07\/20180718_170621-scaled-e1593933822828-1024x389.jpg 1024w, https:\/\/taunus-marathon.de\/wp-content\/uploads\/2020\/07\/20180718_170621-scaled-e1593933822828-300x114.jpg 300w, https:\/\/taunus-marathon.de\/wp-content\/uploads\/2020\/07\/20180718_170621-scaled-e1593933822828-768x292.jpg 768w, https:\/\/taunus-marathon.de\/wp-content\/uploads\/2020\/07\/20180718_170621-scaled-e1593933822828-2048x778.jpg 2048w, https:\/\/taunus-marathon.de\/wp-content\/uploads\/2020\/07\/20180718_170621-scaled-e1593933822828-1536x583.jpg 1536w\" sizes=\"(max-width: 767px) 89vw, (max-width: 1000px) 54vw, (max-width: 1071px) 543px, 580px\" \/><figcaption>F\u00e4r\u00f6er &#8211; F\u00e4hrhafen in T\u00f3rshavn<\/figcaption><\/figure>\n\n\n\n<p>Die F\u00e4hre bietet mittlerweile den gewohnten Luxus wie mehrere Restaurants, Shop, Fitness-Studio, Schwimmbad (eher ein Planschbecken), Sauna etc. Alles kein Best-Standard, aber es reicht, um sich die Zeit zu vertreiben. <\/p>\n\n\n\n<a href=\"http:\/\/taunus-marathon.de\/?page_id=72\">n\u00e4chste Seite<\/a>\n","protected":false},"excerpt":{"rendered":"<p>Eine Reise in einem VW-Transporter mit vier erwachsenen Personen ist durchaus eine Herausforderung. Wir haben uns vier Wochen Zeit genommen. Davon geht eine Woche f\u00fcr die An- und Abreise ab &hellip; <\/p>\n<p class=\"link-more\"><a href=\"https:\/\/taunus-marathon.de\/?page_id=52\" class=\"more-link\"><span class=\"screen-reader-text\">\u201eDie Anreise\u201c<\/span> weiterlesen<\/a><\/p>\n","protected":false},"author":1,"featured_media":0,"parent":49,"menu_order":1,"comment_status":"closed","ping_status":"closed","template":"","meta":{"spay_email":""},"_links":{"self":[{"href":"https:\/\/taunus-marathon.de\/index.php?rest_route=\/wp\/v2\/pages\/52"}],"collection":[{"href":"https:\/\/taunus-marathon.de\/index.php?rest_route=\/wp\/v2\/pages"}],"about":[{"href":"https:\/\/taunus-marathon.de\/index.php?rest_route=\/wp\/v2\/types\/page"}],"author":[{"embeddable":true,"href":"https:\/\/taunus-marathon.de\/index.php?rest_route=\/wp\/v2\/users\/1"}],"replies":[{"embeddable":true,"href":"https:\/\/taunus-marathon.de\/index.php?rest_route=%2Fwp%2Fv2%2Fcomments&post=52"}],"version-history":[{"count":3,"href":"https:\/\/taunus-marathon.de\/index.php?rest_route=\/wp\/v2\/pages\/52\/revisions"}],"predecessor-version":[{"id":78,"href":"https:\/\/taunus-marathon.de\/index.php?rest_route=\/wp\/v2\/pages\/52\/revisions\/78"}],"up":[{"embeddable":true,"href":"https:\/\/taunus-marathon.de\/index.php?rest_route=\/wp\/v2\/pages\/49"}],"wp:attachment":[{"href":"https:\/\/taunus-marathon.de\/index.php?rest_route=%2Fwp%2Fv2%2Fmedia&parent=52"}],"curies":[{"name":"wp","href":"https:\/\/api.w.org\/{rel}","templated":true}]}}